 p - t = 2. What are the prime factors of p?
3
Suppose -p = 5*p. Suppose p = j - 2*l - 4 - 39, 2*l = 5*j - 183. What are the prime factors of j?
5, 7
Suppose 2*t - 106 = -30. List the prime factors of t.
2, 19
Let g = -2 + 3. Let l(y) = 3*y**2 - g - 8*y**2 - 2*y + y**3 - 2*y**3. What are the prime factors of l(-5)?
3
Let l(z) = 3*z**2 + 2*z - 2. Let f be l(1). Suppose 5*x = -5*v + 225, -5*v - f*x + 83 = -144. List the prime factors of v.
2, 23
Let c(p) = -p**2 - 1. Let o(z) = 4*z**2 + 3*z + 6. Let y(t) = -6*c(t) - o(t). What are the prime factors of y(-3)?
3
Let j(z) = z**3 + z**2 + z. Suppose 1 = o + 2. Let f be j(o). Let k = 2 - f. List the prime factors of k.
3
Let t(h) = h**3 + 3*h**2 - h + 1. Let i be t(-3). Suppose -i*a - 2*n = -n - 38, 0 = -3*n + 6. List the prime factors of a.
3
Let s be 3*(-2)/(-24)*4. What are the prime factors of 135/(-6)*(-1 - s)?
3, 5
Let m = -6 - -4. Let y(v) = 2*v + v**2 - 1 - 1 - 4*v. What are the prime factors of y(m)?
2, 3
Suppose 2*w + 30 = 7*w. Let j = w - -4. List the prime factors of j.
2, 5
Let f(d) = -3*d**2 + 22*d - 4. List the prime factors of f(7).
3
Suppose 0 = 3*y + 2*y + 5, 4 = r - 4*y. Let c(d) = d**2 + 4*d + d + r*d + 3. List the prime factors of c(-5).
3
Suppose 0 = 2*n - 14 - 80. List the prime factors of n.
47
Let r(m) = m**3 - 21*m**2 + 23*m + 4. List the prime factors of r(20).
2
Let j = -8 + 12. Suppose 11 + j = 3*r. Suppose 4*u = r*c - 31, -3*c + 0*c - u = -5. What are the prime factors of c?
3
Suppose 2*c = -c, -3*i = -5*c - 207. List the prime factors of i.
3, 23
Let m = 104 - -48. List the prime factors of m.
2, 19
Let l be (-32)/(-3) + (-2)/3. Let o be (-1)/(-4) - (-9)/(-4). Let x = l - o. List the prime factors of x.
2, 3
Let t = -6 + 16. Let m = 18 + t. What are the prime factors of m?
2, 7
Suppose 20 = 4*g - 188. List the prime factors of g.
2, 13
Let u(r) = 3*r**3 - r**2. Suppose 2*j + 1 - 3 = 0. What are the prime factors of u(j)?
2
Suppose -a - 1 = -34. Let s(x) = x**3 + 5*x**2 + 5*x + 2. Let b be s(-5). Let t = b + a. List the prime factors of t.
2, 5
Suppose 3*u + 324 = 3*x, 430 = 4*x + u - 6*u. Let k = x + -51. What are the prime factors of k?
59
Suppose -c = 3*m - 13, -20 = -0*c - 5*c. Let x be m/6*(-2 - -2). Suppose -2*d + 10 = -x*d. List the prime factors of d.
5
Suppose -3*g + 2*m = -5 - 4, 4*m = 0. Suppose g = 2*r - 11. List the prime factors of r.
7
Suppose -5*o + 132 = -2*x, 3*o - 2*x = 5*o - 50. List the prime factors of o.
2, 13
Let a(w) = -5 + 0*w**2 + w + 6 - w**2 + 1. Let m be a(-2). Let v = m - -12. What are the prime factors of v?
2
Let a(q) = -q**2 + 13*q - 5. List the prime factors of a(10).
5
What are the prime factors of (-2 + 3)/((-3)/(-51))?
17
Suppose -8 - 8 = 4*n. What are the prime factors of ((-2)/n)/(1/34)?
17
Suppose 2*n + n - 12 = 0. Suppose 0 = -d + n*d - 84. What are the prime factors of d?
2, 7
Suppose 0*u + u = -5*g + 10, g - 2 = 4*u. Suppose -2*y + a = -23, -y + u*y - 4*a - 11 = 0. List the prime factors of y.
3
Let f = 27 - -43. List the prime factors of f.
2, 5, 7
Let g = 40 + -28. Suppose 0 = 4*p - 0 - g, -3*p = h - 40. Suppose 4*x + y = 45, 2*x + x - 2*y = h. What are the prime factors of x?
11
Suppose -72*h = -70*h - 474. What are the prime factors of h?
3, 79
Let y(i) be the third derivative of i**6/120 - 11*i**5/60 - i**4/2 + 7*i**3/3 + i**2. What are the prime factors of y(12)?
2, 7
Suppose 2*i + 0*i + 2 = 0. Let j = 3 + i. Suppose -5*n + j = -3*m, -5*m = -3*n - 31 + 13. What are the prime factors of m?
2, 3
Let h be (-1)/2 + (-2)/(-4). Let z(u) = -u**2 - 4. Let n be z(h). Let f = n - -12. List the prime factors of f.
2
Suppose 1 = -i - 3. Let u be ((-1)/(-2))/(i/48). List the prime factors of 1 + (u/3 - -4).
3
List the prime factors of (-2 - 30/(-5)) + (301 - -1).
2, 3, 17
Suppose 0 = -4*n - 18 - 78. Let p = -14 - n. List the prime factors of p.
2, 5
Suppose -4*u + u = 0. Suppose 5*z + 3*o = -u*z + 40, -5*z = -4*o - 75. Suppose 4*p - 5*p = -z. List the prime factors of p.
11
List the prime factors of 2 + (-10)/4 + 855/6.
2, 71
Let t = -6 - -11. Let f(a) = -t + 0*a + 2*a + a. List the prime factors of f(4).
7
Suppose 3*m - 17 = -2. List the prime factors of m.
5
Let c(g) be the second derivative of g**4/12 - g**3/6 + g**2/2 - 2*g. What are the prime factors of c(2)?
3
Suppose 10 = 2*z + g + 2, -3*z = -5*g + 14. Suppose -2*d = z*d - 12. Suppose x + d = 2*x. What are the prime factors of x?
3
Suppose 5*h - 16 = 9, -4*d - h = -81. List the prime factors of d.
19
Let b(a) = 3*a + 1 - a + 0 + a. List the prime factors of b(11).
2, 17
Suppose 5*d = 3*d + 12. Let n(z) = -z - 13 - 3*z + d*z. What are the prime factors of n(9)?
5
Let w = -385 - -571. List the prime factors of w.
2, 3, 31
Let s = 53 + -36. Let z = -8 + s. Let v = -4 + z. List the prime factors of v.
5
Let x(o) = -o**3 + o**2 - o - 2. Suppose -4*i = -4*f + 24, f = 4*i + 3*f. What are the prime factors of x(i)?
2, 3
Let t be 2/7 - 762/21. What are the prime factors of t*((-4)/2 + 1)?
2, 3
Let g(k) = k**2 + k - 1. Let h be g(2). Let b = 16 - h. Suppose -5 = -4*u + b. What are the prime factors of u?
2
Let i(g) = 2*g**2 + 3*g + 2. Let z be i(-5). Let c = -26 + z. List the prime factors of c.
11
Let v be 0 + 15 + 0 + -1. Suppose -3*o - 2*r = -2*o, 4*r + 16 = -4*o. Let u = o + v. What are the prime factors of u?
2, 3
Suppose 0 = n + 13 - 46. List the prime factors of n.
3, 11
Suppose 5*w - p + 48 = 0, -3*p + 1 = 7. Let r = w - -14. Suppose -2*i + 5*q = 0, 5*i - r*q = -0*i + 34. List the prime factors of i.
2, 5
Suppose 0 = 2*y + 3*f - 44, y + 152 = 6*y - 3*f. List the prime factors of y.
2, 7
Suppose -r + 0*n + 1 = -3*n, -4*r + 4 = -3*n. Suppose 0*j - 2*j + 386 = 3*v, 0 = 3*v + 4*j - 376. What are the prime factors of (r/2)/(6/v)?
11
Let g(y) = -5*y - 3. Let w be g(-8). Let u = w - 13. List the prime factors of u.
2, 3
Let p(z) = -2*z + 2*z + z**2 + 16. Let x = -18 - -18. What are the prime factors of p(x)?
2
Let u(x) = -x**2 - 8*x + 23. Let s be u(-10). Let o be (-8)/(-3) - 2/3. Suppose -o*j + s*j - 17 = 0. What are the prime factors of j?
17
Let v = -6 - -4. Let u(r) = 9*r - 1. Let t be u(1). Let a = t - v. What are the prime factors of a?
2, 5
Let u = 7 - 3. Let d(w) = -5*w - 2 + u*w + 1 + w**2. List the prime factors of d(3).
5
Let y be (-61)/(-6) + 5/(-30). What are the prime factors of (16 + -4)*y/8?
3, 5
Suppose -5*o + 18 = 4*n, 3*o - 4 = 6*n - 5*n. Suppose -q - 2*p = -44, 3*p - 162 = -4*q + o*p. List the prime factors of q.
2, 5
Suppose 4*z = 3*h + h - 28, 2*h - 22 = 4*z. Suppose 0 = -2*q - q - 18. Let b = z - q. List the prime factors of b.
2
Suppose -u - 3 = -2*u. Let d be -4 + 1*(-3)/u. Let k = 15 + d. What are the prime factors of k?
2, 5
Let h = 1 + -4. List the prime factors of (2/h)/((-4)/72).
2, 3
Let g(h) = -6*h + 17 - 6*h**2 - 2*h**2 - 8 + 0*h - h**3. List the prime factors of g(-7).
2
Suppose 3*o - 2*d + 6 = 0, -3*d = -4*d. Let q be (o - 3)*(-9)/5. Suppose -24 = -5*h + 4*w, 2*h = -q*w + 4*w + 36. List the prime factors of h.
2
Let u = 123 - 67. List the prime factors of u.
2, 7
List the prime factors of (-12)/8 + (-380)/(-8).
2, 23
Let t(g) = -g**3 + 6*g**2 + 10*g + 16. List the prime factors of t(-5).
241
Suppose -7*j = -3*j - 196. What are the prime factors of j?
7
Let n(h) = -h**2 - 9*h + 12. Let r be n(-10). Suppose b = -r*y - y + 63, -b - 91 = -4*y. List the prime factors of y.
2, 11
Let h(a) = -a**3 + 15*a**2 + 19*a + 8. Let m be h(16). Suppose 4 = 3*o - m. What are the prime factors of o?
2, 5
Let l be 3 - (4 + (3 - 6)). Suppose -8 + 0 = -l*i, 0 = -3*h - 4*i + 112. What are the prime factors of h?
2
Let l(n) = n**2 - 2*n + 137. List the prime factors of l(0).
137
Suppose 0 = i - 0*i - 7. Suppose -i*r = -2*r - 165. List the prime factors of r.
3, 11
Let s be (26/(-1))/(-2 - -4). Let b(h) = -5*h**3 - h**2. Let m be b(1). Let c = m - s. What are the prime factors of c?
7
Suppose 5*z = -0*z - 30. Let o = 11 + z. What are the prime factors of o?
5
Suppose t = -2*u - 10, 6*u + 12 = 2*u. What are the prime factors of (-2)/t*(-9 - -13)?
2
Suppose 38 + 6 = 4*p. List the prime factors of p.
11
Let s be -2 + 5/((-15)/(-9)). What are the prime factors of (s - (-5)/(-2))*-2?
3
Suppose -4*d = 4*p - 192, 0 = 4*p + p - d - 216. What are the prime factors of p?
2, 11
Supp